*k - 2*v, 0 = 3*k - 7*k - 5*v + 98. Calculate the remainder when 77 is divided by k.
23
Let c(d) = -d**2 - 2*d + 29. Let y be c(4). Suppose -f + 4 = -3*f, -y*l + 2*f + 24 = 0. Let q = 0 + 3. Calculate the remainder when l is divided by q.
1
Let n = -31 - -68. Let k = 72314 + -72289. What is the remainder when n is divided by k?
12
Let m be (508/6*360/(-40))/1. Let a = m + 835. Calculate the remainder when 358 is divided by a.
66
Let l(y) = 7*y**2 + 6*y + 10. Let v be l(-5). Let d = v + -82. Suppose -4*m = -d + 25. Calculate the remainder when 106 is divided by m.
10
Suppose 4*g + 2 = 42. Suppose 2*f - 15*s - 3 = -g*s, 0 = -f + 2*s + 2. What is the remainder when 309 is divided by f?
1
Let c = -446 + 452. Let x(g) = 2*g**2 + 25*g - 12. What is the remainder when x(c) is divided by 71?
68
Let o(w) = -w**2 + 21*w + 24. Let c = 325 - 305. What is the remainder when 143 is divided by o(c)?
11
Suppose 0 = v - 5*q - 60 + 23, -4*v - 4*q + 28 = 0. Let w = -32061 + 32069. Calculate the remainder when v is divided by w.
4
Suppose 6 - 24 = l. Let p = 116 + -94. Calculate the remainder when l/(-15)*(-2 + 396/8) is divided by p.
13
Let l(f) = -f**2 + 5*f - 6. Let i be l(4). Let c = -4093 + 4108. Calculate the remainder when (49/7)/(i/(-12)) is divided by c.
12
Let o(k) = -19*k**3 + k**2 - k - 1. Suppose 1955 = g + 775. Suppose -y + g = 9*y. What is the remainder when y is divided by o(-1)?
18
Suppose 5*b - 5 = -0*b. What is the remainder when b/(-5 - 232/(-46)) is divided by 4?
3
Suppose -3*i + 68*y = 72*y - 159, 4*y = 5*i - 233. What is the remainder when 695 is divided by i?
9
Let l(i) = 364*i**2 - 383*i + 383. Calculate the remainder when l(1) is divided by 105.
49
Let r(i) = 56*i + 5697. What is the remainder when r(19) is divided by 23?
22
Let h = 5728 + -5718. What is the remainder when 15648 is divided by h?
8
Suppose 3*n + 5*s = 68, 44 = 2*n - 236*s + 238*s. Calculate the remainder when 658 is divided by n.
7
Let j be (-14)/4*((-24)/(-21))/(-2). Suppose 4*r + 7*y = j*y + 75, 5*r - 4*y = 63. What is the remainder when 3/3 + 27 + 0 is divided by r?
13
Calculate the remainder when 210 is divided by (3 - (-16)/3)/((-6 - 2)/(-24)).
10
Let y(m) = 3*m + 17. Let l be y(-4). Suppose 5*w - 4*q = -3*q + 1877, -w - l*q = -391. What is the remainder when w is divided by 21?
19
Let k be 64/(-2) + 4/(-6)*3. Let q = k + 69. Calculate the remainder when 18 is divided by 33 - q - 1*6/(-1).
2
Suppose -113 = 21*m + 706. Let b = 90 + m. Calculate the remainder when b is divided by 16.
3
Suppose 87 - 262 = -23*p - 106. Calculate the remainder when (0 - 0) + -2 - -15 is divided by p.
1
Let j(k) = 24*k**2 + 2*k + 11. Let v be j(-4). Suppose 5*m + v = 2*m. Let b = m - -149. What is the remainder when 37 is divided by b?
17
Let m be (133/(-21) + 6)*27. Calculate the remainder when (2 + 0)/((-2)/(-55)) is divided by 168/9 - 12/m.
15
Let m(q) = q**3 + 3*q**2 - 8*q - 2. Let n be m(-5). Let k = -10 - n. Let i(y) = 25*y**2 - y - 2. What is the remainder when i(k) is divided by 20?
16
Let b be (-1 + 13)*65/52. Calculate the remainder when 1 + -6 - (-23 - 9) is divided by 2/(-10) + 93/b.
3
Let z = -82 + 232. Let b(p) = -17*p - 206. Calculate the remainder when z is divided by b(-14).
22
Let b(r) = 136*r + 2408. Let k = -39 - -62. What is the remainder when b(-17) is divided by k?
4
Let m(t) = 73*t - 32. What is the remainder when m(8) is divided by 72?
48
Suppose -17*w + 33091 = -224272. What is the remainder when w is divided by 49?
47
Let r be (-9 - -6) + -3 + 1. Calculate the remainder when 17 is divided by -8 + (-12)/(-2) - r.
2
Let o = 73 - 18. Suppose -65 = -12*r + o. Calculate the remainder when 43 is divided by r.
3
Let k = 4 + -3. Calculate the remainder when (-216)/756 - 1222/(-14) is divided by 13*k - (6 - 8).
12
Suppose 3*z = 9, z - 60 = 74*f - 77*f. Calculate the remainder when 634 is divided by f.
7
What is the remainder when 2314 is divided by -3*(29/(-3) - 2)?
4
Let k(y) = -4*y**2 + 3*y. Let j be k(2). Let a(x) = -4 + 54*x - 45*x + 6 + x**2. What is the remainder when 69 is divided by a(j)?
9
Let d(v) = -5*v**2 - 95*v + 4. Let c be d(-19). Calculate the remainder when ((-2)/c)/(27/(-2862)) is divided by 25.
3
Calculate the remainder when 443 is divided by (700/15 + -14)/((-2)/(-3)*1).
2
Let w(t) = t**2 + 8*t + 10. Suppose 3*l + 36 = 3*p, -2*p + 27*l = 24*l - 19. What is the remainder when w(-13) is divided by p?
7
Suppose 5*s - 361*b + 357*b - 4436 = 0, 0 = s - 5*b - 904. What is the remainder when s is divided by 232?
188
Suppose 7*d + 0*d - 14 = 0. Let u = 11 + d. Suppose 2*l - 12 - 6 = 0. What is the remainder when u is divided by l?
4
Suppose -2*m - 3*i + 77 = -5, 120 = 3*m + 3*i. Calculate the remainder when 47 is divided by 76/10 - m/(-95).
7
Suppose 29*w - 25*w - 3*q = 202, 3*w = -3*q + 162. What is the remainder when ((-8)/7)/(w/(-6734)) is divided by 19?
15
Let l(j) = 14*j**3 + 6*j**2 - 2*j - 3. Let k be -9 + -30*(-1)/3. Calculate the remainder when 157 is divided by l(k).
7
Let r(d) = 7*d**2 - 3*d + 1. Let p be r(1). Suppose 3*i - 68 = i + 5*h, -p*i = 4*h - 170. What is the remainder when 62 is divided by i?
28
Let l(g) = -38*g**3 - 2*g**2 + g. Let i be l(1). Let f = i - -53. Suppose 0 = -2*j + 16 + f. What is the remainder when 25 is divided by j?
10
Let i(x) = -12*x + 6. Let k be i(1). Calculate the remainder when 89 is divided by (-324)/(-24) + (k/(-4))/1.
14
Let z(s) = -s**3 - 7*s**2 - 5*s + 7. Let w(a) = -35*a - 289. What is the remainder when z(-7) is divided by w(-9)?
16
Let w(n) = 24*n - 46. Let s be w(2). Suppose s*i = -l + 193, -3*i = 5*l - 86 - 186. Calculate the remainder when i is divided by 10.
9
Suppose 3*p = 7*p - 168. Let u(y) = y**2 + 9*y. Let j be u(-8). What is the remainder when p is divided by (-23)/92 - 90/j?
9
Let w(t) = 2*t**3 - 53*t**2 + 159*t + 116. Let a(v) = 2*v**2 - 4*v - 3. Let x be a(-3). Let h = x - 3. What is the remainder when w(23) is divided by h?
22
Suppose -16*u = -137*u + 2301783. What is the remainder when u is divided by 21?
18
Suppose 361*q = 371*q - 41960. Suppose q = 18*k - 286. What is the remainder when k is divided by 6?
3
Let q = 154 + -142. Calculate the remainder when (-356)/q*((4 - 6) + -1) is divided by 12.
5
Let o(q) = q**2 + 8*q + 10. Let i be o(-7). Let y be 4 - -4*9/(-18). Suppose -i*t + y = -124. What is the remainder when t is divided by 10?
2
Suppose 15*u - 21 - 9 = 0. Suppose 244 = u*y + 5*a, y - 4*a - 136 + 1 = 0. What is the remainder when y is divided by 32?
31
Suppose 0 = 2*w - 37 - 43. Let s = 42 - w. Calculate the remainder when 114 is divided by s + (-60)/(-3) + 1.
22
What is the remainder when (-208075)/(-225) - 2/(-9) is divided by 183?
10
Let m = 421 - 404. What is the remainder when 1051 is divided by m?
14
Suppose 3*x - 2*x = -5*y + 8, x = -4*y + 7. What is the remainder when 31 is divided by x?
1
Suppose 332 = 4*c + 2*a, -11*a = -5*c - 10*a + 443. What is the remainder when 269 is divided by c?
8
Suppose -45*n + 49*n = 4*v + 50192, -n - 5*v = -12524. Calculate the remainder when n is divided by 123.
121
Suppose 0 = -16*b + 29*b - 21073. Calculate the remainder when b is divided by 65.
61
Suppose -3*v = g - 257, v - 104 + 13 = 5*g. Let w(f) = 293*f + 427. What is the remainder when w(0) is divided by v?
83
Let k = -5973 - -6043. What is the remainder when 1459 is divided by k?
59
Let m = 16 - 0. Let o be -2 + (-4 + -86 - -4). Let g = 133 + o. Calculate the remainder when g is divided by m.
13
Let y(n) = n - 80. Let c be y(29). Let i = 102 + c. What is the remainder when i is divided by 18?
15
Suppose -q = 2*k - 274, 0 = -2*k + 7 - 15. Calculate the remainder when (4/(-6))/((-4)/q) is divided by 18.
11
Let z = 450 + -450. Suppose 0 = 2*n - 0*n + 4*x - 258, 5*n + 4*x - 663 = z. Calculate the remainder when n is divided by -1*(1 - 35/1).
33
Let b = -18 - -25. Suppose -9*k + b*k = -1514. Suppose 4*m = -4*w + 548, 0 = 4*w + 2*m + 205 - k. What is the remainder when w is divided by 47?
45
Let n = 10216 - 9913. Calculate the remainder when n is divided by 292.
11
Let j = 38 + -38. Suppose -5*q = 2*w + 24, -4*w + q + 0*q - 26 = j. Calculate the remainder when (-1 - -7)*(-8 + 7)*w is divided by 23.
19
Let m = 4303 + -4284. Calculate the remainder when 457 is divided by m.
1
Suppose -5*n -